 What is the highest common divisor of j and a?
27
Suppose -62*z = -59*z - 267. Let v(j) = -1 + 17 + 87*j - z*j. Let g be v(3). Calculate the highest common factor of g and 10.
10
Suppose -35*n + 192 + 384 = -1629. What is the greatest common factor of 1575 and n?
63
Let a(v) = -7*v. Let j be (-2)/(-3*(-4)/(-6)). Let s be a(j). Let k be ((-18)/s)/(15/7 - 2). What is the highest common divisor of 144 and k?
18
Let n be (4311/45 - 11)*90. Calculate the greatest common divisor of 106 and n.
106
Let a = 308 + -138. Suppose 21*w - 16*w - a = 0. What is the highest common factor of w and 306?
34
Suppose -5*h + b + 674 = -1056, -15 = 3*b. Calculate the highest common factor of 1265 and h.
115
Suppose -3*b = 3*c - 9, -b - 12 - 3 = -5*c. Let x be -1*(2 - 0 - 2). Suppose -c*j - 2 + 8 = x. Calculate the highest common factor of j and 6.
2
Let m be -90*(6/(-2) + (-51)/(-15)). Let g be (-4 - m/(-21))/((-2)/7). Calculate the greatest common divisor of g and 210.
10
Suppose -3*d = 4*j + 625, 12*j + 629 = -3*d + 7*j. Let w be (-7395)/d + (-6)/14 + 0. Calculate the highest common factor of w and 54.
18
Let u be (1/2*-4)/((-2)/166) - 6. Calculate the greatest common factor of 215 and u.
5
Let c = 218681 - 218555. Suppose -2*b + 7*b = 210. What is the highest common divisor of b and c?
42
Let n(c) = 4*c**2 + 3*c + 24. Let y be n(8). Let b = y + -176. Let j = -88 + b. What is the greatest common divisor of j and 40?
40
Let a(q) = 97*q**2 - 36*q**2 + q - 1 - 47*q**2 - 4*q + 5. Suppose 2*t + 0*t - 4 = 0. Let o be a(t). Calculate the highest common factor of 36 and o.
18
Let b = -2864 + 3087. What is the greatest common divisor of 38579 and b?
223
Let a(b) = -1273*b + 3 - 7 + 1275*b. Let q be a(6). What is the greatest common factor of 256 and q?
8
Suppose 4*n - 16 = 2*g, 5*n + 2*g - 14 = 3*g. Suppose 0 = -i - 3*p + 120, i = -n*p + 3*p + 100. What is the greatest common divisor of 84 and i?
21
Let j(a) = 2063*a - 1229. Let u be j(8). What is the greatest common divisor of 25 and u?
25
Let c(s) be the second derivative of -s**4/12 - 37*s**3/6 - 9*s**2 + 10*s - 1. Let r be c(-35). What is the highest common divisor of 78 and r?
26
Suppose n = 4*w - 0*w + 49, 2*n = 4*w + 106. Let i = 19 - 70. Let h be (4 - i/(-15)) + n/5. Calculate the highest common factor of 8 and h.
4
Let h be ((-208)/78)/((-11)/1518). Calculate the greatest common factor of 20056 and h.
184
Let k(f) = f**2 + f - 9. Let r = 44 - 29. Let q be r*(-1)/(-5 + 2 - 0). Let l be k(q). What is the greatest common factor of 231 and l?
21
Suppose -19*m + 25*m = 240. Suppose 54 + 126 = x + 4*z, 0 = 2*z. What is the greatest common factor of m and x?
20
Let x(w) = -7*w - 4 + 3*w**2 + 2 - 4*w**2 + 1. Let i be x(-6). Suppose 0 = b + i*k + 13, 2*b + 0*k - 13 = 3*k. Calculate the highest common factor of 1 and b.
1
Let m(k) = 56*k - 6 + 43 + 55*k**2 - 19 - k**3. Let x be m(56). What is the highest common divisor of x and 846?
18
Suppose -5*c + 640 = -x + 51, -2*x - 476 = -4*c. Suppose -58*l = 4*d - 59*l - 48, -22 = -2*d + l. Calculate the greatest common divisor of d and c.
13
Let v(d) = -d**2 - 1006*d - 3994. Let j be v(-4). Let q(z) = -5*z - 6. Let r be q(-4). Calculate the highest common divisor of r and j.
14
Let j be (-16)/6*(-61 - -1). Suppose -13*a + 39*a = 0. Suppose 5*k - 5*v - 110 = 0, -5*k - 6*v + 2*v + 92 = a. What is the greatest common divisor of k and j?
20
Let x = 168 - 66. Suppose x = 7*b - 66. What is the highest common factor of b and 3?
3
Let b(v) = v**3 + 45*v**2 + 16*v - 1102. Let u be b(-44). Calculate the highest common factor of u and 2665.
65
Suppose 0 = 3*i + 28 - 229. Suppose 32 + 130 = 2*f - 4*l, -4*f + 2*l = -282. What is the highest common factor of i and f?
67
Let q = -87 + 149. Suppose 4*o + q + 82 = 0. Let y be (-9)/(o/368) - -3. Calculate the greatest common factor of 19 and y.
19
Let y(t) = 3*t + 4. Let o be y(3). Suppose 0 = 5*m + 59 - 59. Suppose -4*l + 108 + 308 = m. Calculate the highest common divisor of l and o.
13
Let p(l) = l**2 - 7*l - 6. Let w be p(-4). Let f be (114/(-21))/(5 - ((-116)/(-28) + 1)). What is the highest common divisor of f and w?
38
Let h(d) = d**3 + d**2 - d - 1. Let i be h(-1). Suppose 5*c = c + 4*k + 16, -4*k + 16 = i. Let u = 456 - 400. Calculate the highest common factor of c and u.
8
Let u(p) = 30*p**2 + 22*p + 9. Let j(v) = -2*v**2 + v - 1. Let i(z) = 4*j(z) + u(z). Let y be i(-5). What is the greatest common factor of 34 and y?
17
Let y(p) = 114*p - 412. Let h be y(10). What is the highest common divisor of h and 280?
56
Suppose -93*x + 1238 = -1446 - 2710. Calculate the greatest common divisor of x and 1.
1
Let n(r) = 24*r**2 - 57*r - 134. Let m be n(-22). Calculate the highest common factor of m and 64.
64
Suppose 0*s + 4*s = -3*q - 1132, 3*q - s = -1112. Let x = q - -396. What is the highest common factor of x and 40?
8
Suppose 3*d = 5*d + 116. Let c = d - -83. Suppose m = 6*m - c. Calculate the highest common divisor of m and 55.
5
Let b = -127 - -129. Suppose 6*u = 2*u + 20. Suppose 0 = 2*c - 0*c + i - 32, 56 = b*c - u*i. What is the highest common divisor of 45 and c?
9
Let f(i) = -i**2 - 18*i - 52. Let d be f(-8). Let c(j) = -j**3 + 27*j**2 + 30*j + 54. Let t be c(d). What is the highest common factor of t and 10?
10
Let z(r) = -r**3 + 7*r**2 + 2*r + 2. Let b be z(6). Let j = 5298 - 5178. Calculate the highest common divisor of j and b.
10
Let v(a) = -127*a - 1670. Let l be v(-14). What is the greatest common factor of l and 12?
12
Suppose 15*z - 918 = 13*z - 2*u, u + 451 = z. Let h = 1118 - 754. What is the greatest common divisor of z and h?
91
Let k be (-2)/(15 - 4355/290). What is the greatest common factor of 3422 and k?
58
Let y be 0 + 112 - (-7 + 0 + 11). Let m = y + -77. Suppose 4*x - 40 = -2*r, m = 2*r + x - 15. Calculate the greatest common factor of r and 60.
12
Let i(c) = 6117*c**2 + 1102*c - 4. Let b be i(-2). Calculate the highest common factor of 42 and b.
42
Suppose -4*u = -9*u + 4*n - 2, -n - 11 = -7*u. Calculate the greatest common divisor of 2962 and u.
2
Let b be (-12)/(-32)*4*(270 + 4). Let u = b + -221. Calculate the highest common factor of u and 114.
38
Let i(d) = -16*d + 5. Let m be i(-8). Suppose 43*q - 4*a - 214 = 38*q, 3*q - 120 = a. Calculate the highest common factor of q and m.
19
Let k = 520 - 226. Let b(q) = -342*q - 12612. Let l be b(-37). What is the greatest common factor of k and l?
42
Let h(u) = -7*u**2 - 3*u - 12. Let b(m) = -20*m**2 - 8*m - 35. Let a(p) = -6*b(p) + 17*h(p). Let f be a(7). Calculate the greatest common factor of f and 85.
17
Let u = -135 + 138. Suppose -5 = 4*i + u*h - 93, i - 22 = 2*h. What is the greatest common divisor of i and 44?
22
Let s = -2327 + 2363. Calculate the greatest common divisor of 2862 and s.
18
Let w(y) = -8*y - 4. Let v be w(-2). Suppose 2 - 107 = -7*k. Calculate the highest common divisor of k and v.
3
Let n be 1/(-2) + 79/2. Suppose -6*x - 5*a - 1087 = -10*x, -x + 3*a = -270. What is the highest common divisor of x and n?
39
Let c(n) = -38*n + 1023. Let m be c(-42). Calculate the greatest common divisor of m and 216.
27
Let u(w) = 292*w**2 + 87*w - 157. Let x be u(2). What is the highest common factor of 75 and x?
15
Let s = 1852 + -1335. What is the highest common factor of s and 33?
11
Suppose -x + 5 = 0, -3*q = -5*x - 264 - 119. Let r be (-4)/(-6) + (6 - q/24). Calculate the highest common factor of 15 and r.
1
Let t = 222 - 191. Suppose t*n - 4 - 182 = 0. Calculate the highest common factor of 222 and n.
6
Let j(q) = 8*q**2 - 240*q + 1486. Let n be j(8). Let s(m) = -24*m - 3. Let z be s(-5). What is the greatest common divisor of n and z?
39
Let b be (27/21 - -3)*21. Suppose n - 36 = 3*n + 4*t, -36 = 4*n - 4*t. Let s be (-117)/n + (-2)/(-8). What is the highest common factor of s and b?
10
Let c(r) = -40 - 36 - 2 + 19 + 9*r. Let z be c(7). Let m be 6*(-1)/z*-20. Calculate the highest common divisor of 330 and m.
30
Suppose -3*v - v = v. Suppose -26*o + 20*o + 66 = v. Let f = 8 - 7. What is the highest common factor of o and f?
1
Let a = 116 - -41. Let y = 294 + -439. Let n = a + y. Calculate the greatest common divisor of 30 and n.
6
Let y(v) = 3 - v + 7*v**2 - 6 - 4*v + 1. Let h be y(3). Let w be -2 - 0 - h/(-2). What is the greatest common factor of 63